{"version":"1.0","provider_name":"Elcoline Group","provider_url":"https:\/\/elcoline.com\/fi\/","author_name":"sini","author_url":"https:\/\/elcoline.com\/fi\/author\/sini\/","title":"Elcolinen uusi toimitusjohtaja Elina Engman on aloittanut teht\u00e4v\u00e4ss\u00e4\u00e4n - Elcoline Group","type":"rich","width":600,"height":338,"html":"<blockquote class=\"wp-embedded-content\" data-secret=\"C0hmothEws\"><a href=\"https:\/\/elcoline.com\/fi\/elcolinen-uusi-toimitusjohtaja-elina-engman-on-aloittanut-tehtavassaan\/\">Elcolinen uusi toimitusjohtaja Elina Engman on aloittanut teht\u00e4v\u00e4ss\u00e4\u00e4n<\/a><\/blockquote><iframe sandbox=\"allow-scripts\" security=\"restricted\" src=\"https:\/\/elcoline.com\/fi\/elcolinen-uusi-toimitusjohtaja-elina-engman-on-aloittanut-tehtavassaan\/embed\/#?secret=C0hmothEws\" width=\"600\" height=\"338\" title=\"&#8221;Elcolinen uusi toimitusjohtaja Elina Engman on aloittanut teht\u00e4v\u00e4ss\u00e4\u00e4n&#8221; &#8212; Elcoline Group\" data-secret=\"C0hmothEws\" frameborder=\"0\" marginwidth=\"0\" marginheight=\"0\" scrolling=\"no\" class=\"wp-embedded-content\"><\/iframe><script>\n\/*! This file is auto-generated *\/\n!function(d,l){\"use strict\";l.querySelector&&d.addEventListener&&\"undefined\"!=typeof URL&&(d.wp=d.wp||{},d.wp.receiveEmbedMessage||(d.wp.receiveEmbedMessage=function(e){var t=e.data;if((t||t.secret||t.message||t.value)&&!\/[^a-zA-Z0-9]\/.test(t.secret)){for(var s,r,n,a=l.querySelectorAll('iframe[data-secret=\"'+t.secret+'\"]'),o=l.querySelectorAll('blockquote[data-secret=\"'+t.secret+'\"]'),c=new RegExp(\"^https?:$\",\"i\"),i=0;i<o.length;i++)o[i].style.display=\"none\";for(i=0;i<a.length;i++)s=a[i],e.source===s.contentWindow&&(s.removeAttribute(\"style\"),\"height\"===t.message?(1e3<(r=parseInt(t.value,10))?r=1e3:~~r<200&&(r=200),s.height=r):\"link\"===t.message&&(r=new URL(s.getAttribute(\"src\")),n=new URL(t.value),c.test(n.protocol))&&n.host===r.host&&l.activeElement===s&&(d.top.location.href=t.value))}},d.addEventListener(\"message\",d.wp.receiveEmbedMessage,!1),l.addEventListener(\"DOMContentLoaded\",function(){for(var e,t,s=l.querySelectorAll(\"iframe.wp-embedded-content\"),r=0;r<s.length;r++)(t=(e=s[r]).getAttribute(\"data-secret\"))||(t=Math.random().toString(36).substring(2,12),e.src+=\"#?secret=\"+t,e.setAttribute(\"data-secret\",t)),e.contentWindow.postMessage({message:\"ready\",secret:t},\"*\")},!1)))}(window,document);\n\/\/# sourceURL=https:\/\/elcoline.com\/wp-includes\/js\/wp-embed.min.js\n<\/script>\n","thumbnail_url":null,"thumbnail_width":null,"thumbnail_height":null,"description":"Elcoline Group Oy:n uusi toimitusjohtaja Elina Engman on aloittanut teht\u00e4v\u00e4ss\u00e4\u00e4n 1.9.2024. Ensimm\u00e4isen\u00e4 ty\u00f6p\u00e4iv\u00e4n\u00e4\u00e4n Engman on vieraillut yhti\u00f6n synnyinseudulla Varkaudessa tutustumassa henkil\u00f6st\u00f6\u00f6n ja yhti\u00f6n toimintaan. Engmanin laaja kokemus ja osaaminen teollisuuden parista ovat avain Elcolinen seuraavan kunnianhimoisen kasvutavoitteen toteuttamiseen. Uuden toimitusjohtajan johdolla yhti\u00f6 jatkaa vahvaa ja kannattavaa kasvumatkaa kohti 250 miljoonan euron liikevaihtotavoitetta. T\u00e4ll\u00e4 hetkell\u00e4 Elcolinen [&hellip;]"}

Elcolinen uusi toimitusjohtaja Elina Engman on aloittanut tehtävässään - Elcoline Group

<blockquote class="wp-embedded-content" data-secret="C0hmothEws"><a href="https://elcoline.com/fi/elcolinen-uusi-toimitusjohtaja-elina-engman-on-aloittanut-tehtavassaan/">Elcolinen uusi toimitusjohtaja Elina Engman on aloittanut tehtävässään</a></blockquote><iframe sandbox="allow-scripts" security="restricted" src="https://elcoline.com/fi/elcolinen-uusi-toimitusjohtaja-elina-engman-on-aloittanut-tehtavassaan/embed/#?secret=C0hmothEws" width="600" height="338" title="&#8221;Elcolinen uusi toimitusjohtaja Elina Engman on aloittanut tehtävässään&#8221; &#8212; Elcoline Group" data-secret="C0hmothEws" frameborder="0" marginwidth="0" marginheight="0" scrolling="no" class="wp-embedded-content"></iframe><script>
/*! This file is auto-generated */
!function(d,l){"use strict";l.querySelector&&d.addEventListener&&"undefined"!=typeof URL&&(d.wp=d.wp||{},d.wp.receiveEmbedMessage||(d.wp.receiveEmbedMessage=function(e){var t=e.data;if((t||t.secret||t.message||t.value)&&!/[^a-zA-Z0-9]/.test(t.secret)){for(var s,r,n,a=l.querySelectorAll('iframe[data-secret="'+t.secret+'"]'),o=l.querySelectorAll('blockquote[data-secret="'+t.secret+'"]'),c=new RegExp("^https?:$","i"),i=0;i<o.length;i++)o[i].style.display="none";for(i=0;i<a.length;i++)s=a[i],e.source===s.contentWindow&&(s.removeAttribute("style"),"height"===t.message?(1e3<(r=parseInt(t.value,10))?r=1e3:~~r<200&&(r=200),s.height=r):"link"===t.message&&(r=new URL(s.getAttribute("src")),n=new URL(t.value),c.test(n.protocol))&&n.host===r.host&&l.activeElement===s&&(d.top.location.href=t.value))}},d.addEventListener("message",d.wp.receiveEmbedMessage,!1),l.addEventListener("DOMContentLoaded",function(){for(var e,t,s=l.querySelectorAll("iframe.wp-embedded-content"),r=0;r<s.length;r++)(t=(e=s[r]).getAttribute("data-secret"))||(t=Math.random().toString(36).substring(2,12),e.src+="#?secret="+t,e.setAttribute("data-secret",t)),e.contentWindow.postMessage({message:"ready",secret:t},"*")},!1)))}(window,document);
//# sourceURL=https://elcoline.com/wp-includes/js/wp-embed.min.js
</script>

Elcoline Group Oy:n uusi toimitusjohtaja Elina Engman on aloittanut tehtävässään 1.9.2024. Ensimmäisenä työpäivänään Engman on vieraillut yhtiön synnyinseudulla Varkaudessa tutustumassa henkilöstöön ja yhtiön toimintaan. Engmanin laaja kokemus ja osaaminen teollisuuden parista ovat avain Elcolinen seuraavan kunnianhimoisen kasvutavoitteen toteuttamiseen. Uuden toimitusjohtajan johdolla yhtiö jatkaa vahvaa ja kannattavaa kasvumatkaa kohti 250 miljoonan euron liikevaihtotavoitetta. Tällä hetkellä Elcolinen [&hellip;]
